of i**5/2 - i**4/12 + i**2/2 - i. Give g(u).
-10
Suppose -21*k + 205 = -13025. Let w = 645 - k. Let z(s) = s**3 - 14*s**2 - 16*s + 7. What is z(w)?
-8
Suppose -q + 0*q + 20 = -5*b, 0 = 5*q + 2*b - 19. Let g(l) be the second derivative of -l**5/20 + l**4/3 + l**3 - 3*l**2/2 + 11*l. Calculate g(q).
2
Let c(p) = -11*p**3 - 9*p**2 - 3. Let k(z) = -5*z**3 - 4*z**2 - 1. Let u(b) = 4*c(b) - 9*k(b). What is u(-2)?
-11
Let b(h) = h**3 - 7*h**2 + 6*h - 2. Let c = -66 + 70. Suppose 95 = 5*v - 3*x, -c*v + 5*x + 83 = 4*x. Suppose 8*n - 26 = v. Determine b(n).
-2
Suppose 0 = -14*f - 6240 + 6212. Let m(c) = 21*c. Calculate m(f).
-42
Let g = 895 + -493. Let k = 407 - g. Let s(b) = b**3 - 5*b**2 + b - 10. Determine s(k).
-5
Let c(m) = 5 - 5640812*m + m**2 - 3*m**3 + 5640812*m. Give c(2).
-15
Let i(d) = -6*d + 4. Suppose 0 = -4*p + 6 + 2. Let x be i(p). Let k be (5 + x)*4/(-12). Let g(a) = 7*a - 1. What is g(k)?
6
Suppose -7 - 21 = 7*b. Let g(v) be the first derivative of -v**2 - 6*v - 853. Calculate g(b).
2
Let j(k) = 11*k + 30. Let b(i) = 2374*i - 4753. Let t be b(2). Calculate j(t).
-25
Let x = 22 - 15. Let u(c) be the first derivative of 5*c**3/6 - 9*c**2/2 + 19*c - 15. Let p(j) be the first derivative of u(j). Give p(x).
26
Let a(t) be the second derivative of 4*t**2 - 1/12*t**4 - 5/3*t**3 + 0 - 143*t. Determine a(-10).
8
Suppose -1468 = 3*c - 1474. Let o(k) = -10*k + k**3 - 2*k**3 + 5 - 4*k**2 - 6*k**2 + c - 8. What is o(-9)?
8
Let g(d) = -d**3 - d**2 - d + 1. Suppose 77 = 5*c + 2*k - 4*k, -2*c = 5*k - 54. Suppose -3*s - 11 + c = 0. What is g(s)?
-13
Let g(y) = -y**3 + 22*y**2 + 21*y + 27. Let o = -423 - -446. What is g(o)?
-19
Let u(c) be the second derivative of c**6/360 - c**5/120 + c**3/6 + c. Let r(s) be the second derivative of u(s). Suppose 14*z = z - 15*z + 9*z. Calculate r(z).
0
Let j(f) = -5*f**2 - 22*f - 17. Let s(w) = -w**2 - 13*w - 20. Let v be s(-11). Let l(n) = -n**2 - 5*n - 4. Let u(i) = v*j(i) - 9*l(i). Give u(-2).
-4
Let z(q) = -12*q + 1. Suppose -15*h - 416 = -506. What is z(h)?
-71
Let b = -170657 - -170661. Let n(d) = -d**3 + 0*d**3 - 7 + 1 + 4*d + 3*d**2. Determine n(b).
-6
Let y(u) be the third derivative of u**6/120 + 7*u**5/15 + u**3/3 - 4033*u**2. Give y(-28).
2
Let j(m) = 2*m + 3. Suppose -5*h + 6*h = 4. Suppose 9*d = h + 23. Suppose -d*k - 3*p = 27, 1 = -4*k + 3*p - 0*p. What is j(k)?
-5
Let t(c) = -c**3 + 16*c**2 + 4*c - 49. Let z be t(16). Suppose -5*m = -3*x - 38, z*m = x + 11*m + 22. Let q(f) = -f**2 - 6*f + 4. Calculate q(x).
4
Let u(v) be the second derivative of v**5/20 - 5*v**4/4 - 5*v**3/2 - 15*v**2/2 + 2726*v. Calculate u(16).
1
Suppose -5*m - 35 = -12*m. Let r(d) = -2*d**3 + 8*d**2 + 8*d + 11. Let p be r(m). Let w(f) = -9*f**2 + 3*f - 1. Determine w(p).
-7
Let i(l) = l**3 - 17*l**2 - l + 27. Let h be i(17). Suppose 24 = h*n + 4. Let j(p) = p**2 + 2 + 2 - 4*p - n + 2*p. Calculate j(3).
5
Let o(u) be the third derivative of -u**5/30 - 7*u**4/12 - u**3/2 + 5743*u**2. Determine o(0).
-3
Let w(y) = 19*y - 9*y**2 - 42 - 98*y + 7*y**2 + 34*y + 29*y. Give w(-5).
-12
Suppose -4*d - 76 = -4*y, -3*d + 35*y - 53 = 33*y. Let k(m) = -23*m - 344. Calculate k(d).
1
Let h(c) be the third derivative of -c**6/120 + c**5/2 + 4*c**4/3 - 47*c**3/6 + 83*c**2 + 38*c. Calculate h(31).
-16
Suppose -8*h + 1111 = -3137. Let m = 524 - h. Let o(v) = -3*v - 21. Determine o(m).
0
Suppose -a + 5 + 10 = 0. Let x(s) = -11 - 477*s - 476*s + 954*s. Calculate x(a).
4
Let b be ((-5)/2)/(2/(-4)). Let t(n) be the third derivative of n**6/120 - 7*n**5/60 + n**4/6 + n**3 + 14893*n**2. Calculate t(b).
-24
Let v(h) = -20*h - 8. Let d(x) = -9*x - 1. Let p(t) = -7*d(t) + 3*v(t). Let i be ((-2)/3)/((-1)/12). Calculate p(i).
7
Let h(c) = c + 7. Let x be h(-5). Let y(d) = 219*d - 7 + x + 0 - 220*d. Calculate y(-7).
2
Let j(x) = 925 - 2*x**2 - x - 463 - 464 - 2*x. Calculate j(-1).
-1
Suppose m = 8*m - 105. Suppose -2*c - m = -5. Let h(y) = y**3 - y**2 + y + 1. Let k(p) = 2*p**3 - 8*p**2 + 3*p + 3. Let d(w) = -3*h(w) + k(w). Calculate d(c).
0
Let c(k) = 2*k**3 + 43*k**2 + 59*k - 29. Let v be c(-20). Let p(m) = 2*m**2 + 22*m + 4. What is p(v)?
-32
Let d(t) = -3*t + 2. Suppose -g + 245 = -6*g. Let h be -6*(0 + 23)/(27/9). Let q = g - h. Calculate d(q).
11
Let v(k) = -4*k**3 + k**2 - 2*k - 2. Suppose 2*t - 8 = 0, -9*s + 10*s - 5*t = -13. Suppose -s*z + 2 = -8*z. What is v(z)?
38
Suppose 5*w - 3 = 27. Let v be ((w/4)/(-3))/((-10)/120). Let z(g) = 4*g + 5*g + v + 8*g**2 - 6*g + 6*g + g**3. Give z(-7).
-8
Let w(q) = 6*q**3 + 7*q**2 - 16*q + 1. Let b(m) = 6*m**3 + 6*m**2 - 9*m + 2. Let n(o) = -3*b(o) + 2*w(o). Calculate n(-2).
38
Let b = 617 - 629. Let c(i) = -3 + 0 + 0 + 2 - 2*i + i. Calculate c(b).
11
Let j(d) = 3*d**3 - 30*d**2 + 3*d - 13. Let n be j(13). Let w(k) = 1547 - 3*k**2 + k - n. Let z(o) = o**2 + o - 1. Let r be z(1). Calculate w(r).
-2
Let g(t) = -4 - 80*t**2 + 41*t**2 + 40*t**2 - 4*t. Let y = -10 - -18. Let m(l) = l**3 - 9*l**2 + 9*l - 3. Let s be m(y). What is g(s)?
1
Suppose -5*q + 167 = 4*g - 3*g, -2*g = -4*q + 114. Let o(b) = b**3 - 29*b**2 - 98*b + 55. Give o(q).
-9
Let p(d) be the first derivative of -7*d**3/3 - 4*d**2 - 2*d - 1641. Give p(-3).
-41
Let m(f) be the second derivative of -2/3*f**4 + 23*f + 1/3*f**3 + 7/2*f**2 + 0 - 1/20*f**5. What is m(-8)?
-9
Let q(i) = -2*i**3 + 25*i**2 - 12*i - 1. Let o be q(12). Let g(x) = -2*x**2 - 5*x + 11. Let u(d) = d**2 - d - 1. Let w(s) = o*g(s) - u(s). Determine w(-9).
17
Let y(k) = 0*k + k + 12 + k. Suppose -4*s - 65 = 5*c, 17*s - 16*s = -5. Give y(c).
-6
Let j(u) = 1 - u**3 + 10 + 29748*u - 29739*u + 2 + 4*u**2. Determine j(6).
-5
Let c(v) = -v**2 - 23*v + 215. Let q be c(-30). Let w(j) = 8*j - 9. Determine w(q).
31
Let d(i) = -7 - 119*i**2 + 185*i**2 - i**3 + 0*i**3 - 4*i - 60*i**2. What is d(5)?
-2
Let q(k) be the third derivative of k**5/60 + 7*k**4/24 + 4*k**3/3 + 17*k**2 + 304*k. What is q(-4)?
-4
Let u = -1909 - -1888. Let b(l) = -l**2 - 21*l + 9. What is b(u)?
9
Let s(x) be the second derivative of x**5/20 - x**4/2 - 5*x**3/6 - 3*x**2 - 18*x. Let j(g) = 2*g**2 + 16*g + 37. Let a be j(-3). Give s(a).
8
Let i(j) = -96*j + 22 - 41 - 52 + 14*j. Calculate i(-1).
11
Let s(b) = -7*b**3 - 18 + 26*b**3 + b**3 - 18*b**3 - 10*b + 17*b**2. Calculate s(-9).
-9
Let o = 33912 - 33907. Let i(y) = y**2 - 9*y - 9. What is i(o)?
-29
Let v = 16093 - 16092. Let j(y) = 4*y**2 - 13*y + 10. Let u(n) = -n**2 + 4*n - 3. Let o(p) = -2*j(p) - 7*u(p). Give o(v).
-2
Let w be (350/(-28) - -4)/(2/(-4)). Let k(l) = 7*l - 125. Give k(w).
-6
Let g(n) = -3*n**3 + 2*n**2 - 24*n + 10. Let q(w) = -w**3 - w**2 - 4*w + 2. Let p(m) = g(m) - 4*q(m). Give p(-7).
9
Let k(i) = -4*i**2 - 5*i - 11. Let s(o) = -2*o**2 - 3*o - 5. Suppose -20*u - 27 = 13. Let q(f) = u*k(f) + 5*s(f). Calculate q(-3).
-6
Let j(d) be the first derivative of 13 + 3/2*d**2 - 9*d. Give j(7).
12
Let b(o) = 3*o - 3. Let s = 67 + -4. Let x = s - 43. Let l = x - 18. Determine b(l).
3
Let l(w) = 13*w**2 - 11*w + 2. Let t(a) = -8 + 1276*a - 1282*a + 7*a**2 + 9. Let y(p) = 6*l(p) - 11*t(p). Let h be 0 + (-2 - -4 - 6). Give y(h).
17
Let i be ((-2)/(-4))/((-4)/(-448)*-8). Let c(t) = -t**2 - t + 47. Give c(i).
5
Let j(k) = -k**3 - k - 2. Let c(r) = r**3 + r + 2. Let v(q) = -6*c(q) - 5*j(q). Suppose -40 = 28*n - 24*n + 4*u, -2*n + u + 4 = 0. Determine v(n).
8
Let l(g) be the first derivative of g**2/2 - 19*g + 939. Determine l(-5).
-24
Let d be (-1850)/4*6*(-9)/(-27). Let i = d + 915. Let v(x) = -x**2 - 13*x - 11. Determine v(i).
19
Let k(v) = 6*v + 88 - 222 + 56 + 152. What is k(-14)?
-10
Let s(r) = 56 - 118 + 56 + 4*r. Let v(g) = -g**3 + 16*g**2 + 24*g - 118. Let h be v(17). Give s(h).
-2
Let c(p) = p**3 + 78*p**2 - 2834*p + 116. Let s be c(-105). Let r(j) = -2*j**3 + 25*j**2 - 30*j - 23. Determine r(s).
10
Let s(r) be the third derivative of -r**5/60 - 11*r**4/24 + 31*r**3/6 - r**2 - 154. Determine s(-14).
-11
Let n = -16 + 33. Suppose 0*j = 5*j + 3*x - 35, 3*j - n = -x. Suppose -j*q - 2 = -26. Let h(v) = -v + 3. Calculate h(q).
-3
Let u(q) = -9*q - 51. Let r be ((-1)/(-3))/((-21)/(1701/18))*4. What is u(r)?
3
Let g(a) = -997*a**2 + 535*a**2 + 469*a**2 - 13 + 153*a. Calculate g(-22).
9
Let l = 364 + -357. Let n(a) = -5*a + 3*a + l*a + 1 - 3. Determine n(-2).
-12
Let z = -19 + 37.